d r?
16
Let a = -20 - 11. Let w = a - -69. Suppose 2*z = -0*z + 2*j + w, -18 = -2*z - 2*j. Calculate the greatest common divisor of z and 2.
2
Suppose -4*y + 118 = -2*v, 5*y - 73 - 76 = 3*v. Let u be 1 + 13 - (1 - 1). Calculate the greatest common factor of u and y.
14
Suppose -44 = -2*w + 78. Let j = -1 + w. Suppose 4*c - c = j. Calculate the highest common divisor of c and 4.
4
Let p(i) = i**2 + 3*i - 1. Let n be p(-4). Suppose n*m = -5*v + 33, 3*m = 2*m + 4*v + 28. Calculate the greatest common divisor of 144 and m.
16
Let r = -56 + 299. What is the highest common divisor of r and 27?
27
Let m = -4 - -5. Suppose 3*b - 5*i + 16 = 43, b - m = -i. Let t be (-14)/(-10) - (-4)/(-10). What is the highest common divisor of t and b?
1
Let s be 26 - 7 - (-3)/(-1). What is the highest common divisor of 16 and s?
16
Let s = -1 - -13. Let w(b) = -2*b - 4. Suppose 17 = -2*n + r, 3*r + 3 = -n - 2. Let k be w(n). Calculate the highest common factor of k and s.
12
Let g = 81 - 72. What is the greatest common divisor of g and 9?
9
Let r = -22 + 62. Suppose 1 - 5 = -2*g. Let t(f) = 50*f. Let o be t(g). What is the greatest common divisor of o and r?
20
Suppose n + n + 5*v = 50, 3*n - 5*v = 50. Calculate the greatest common factor of n and 40.
20
Suppose 0 = -2*r + 24. Let l be (-25)/2*(-20)/25. Let p be 36/l - (-22)/55. Calculate the highest common divisor of p and r.
4
Let q = 157 - 101. What is the greatest common factor of 42 and q?
14
Let l be 7/(-21) - (-26)/6. Suppose -3*r - 2*g = -28, -l*g - 35 = -3*r + g. Let c be (-1)/3 + (-152)/(-6). What is the highest common factor of r and c?
5
Let i be (-7)/((1 + -2)*4/40). What is the greatest common factor of 10 and i?
10
Suppose 3*p - 3*y = 51, 5*p = -4*y + 3*y + 91. What is the highest common divisor of p and 9?
9
Let y be (-2)/(-5) + 978/5. Let u(f) = -2*f + 3. Let l be u(-1). Suppose -4*v + l*h + y = 27, 4*v = -2*h + 134. Calculate the highest common factor of v and 12.
12
Suppose -2*d = -5*d + 5*r - 90, 0 = 3*d + r + 72. Let g be ((-84)/(-10))/((-10)/d). Calculate the greatest common divisor of g and 168.
21
Let h = -5 + 7. Let u be h + (20 - 2/(-1)). Let s(r) = r**2 - r + 8. Let g be s(0). Calculate the greatest common factor of g and u.
8
Suppose 0 = -4*d - 0*y + 4*y + 28, 10 = -2*d - 4*y. Suppose -17 = 2*j - d*j. What is the greatest common divisor of j and 153?
17
Let m be (-82)/(-26) + -3 - (-2330)/65. What is the highest common divisor of 396 and m?
36
Suppose 3*b - 6 = b. Suppose s - 7 = 5. Calculate the greatest common factor of b and s.
3
Suppose 5*c = 232 + 23. Calculate the greatest common factor of c and 34.
17
Suppose -h - 3*h + z + 48 = 0, 5*z = -3*h + 13. Let r(i) = -5*i + 4. Let p be r(-6). Suppose 5*l = p + 461. What is the highest common divisor of h and l?
11
Let l(j) = -j**2 + 8*j - 7. Let k be l(5). What is the highest common factor of 200 and k?
8
Suppose 3*m - 128 = -m. Suppose m + 4 = 2*y. What is the highest common factor of 6 and y?
6
Let n be (-48)/(-5) + (-4)/(-10). Suppose -3*y - n = 5. Let j = y + 6. Calculate the greatest common factor of 11 and j.
1
Let l(w) = -w + 33. Let b be l(0). Calculate the highest common divisor of b and 44.
11
Let t = 74 - -14. Let v be -2*(-1 - -2) + 13. What is the highest common divisor of t and v?
11
Let w(d) = 3*d**2 + 2*d + 1. Let r be w(-1). Let y = 40 + r. Calculate the highest common factor of y and 14.
14
Suppose -y + 2*y = g - 17, 4 = 2*y. Calculate the highest common factor of 133 and g.
19
Let d be 8 + (2 - 6) + 11. What is the greatest common factor of d and 15?
15
Suppose 0 = 3*a - 0*a - 21. Suppose -3*m + m + 4*b = -54, -m = 3*b - a. What is the greatest common factor of 209 and m?
19
Suppose 3*p - 11 = 2*p. What is the greatest common factor of 11 and p?
11
Let k = 2 - 1. Let s(c) = 2*c**2 + c - 1. Let y be s(k). Suppose -y*n + 6 = -0. What is the greatest common divisor of n and 33?
3
Let w = 262 - 183. Let c = -47 + w. What is the greatest common divisor of c and 16?
16
Let u be (-1 + 0)*(-14)/(-2). Let t = -6 - u. What is the greatest common factor of t and 1?
1
Suppose 0 = -5*h - 2*y + 32, -h - 36 = -6*h - y. Calculate the greatest common divisor of 24 and h.
8
Let a = -24 + 43. What is the greatest common factor of 152 and a?
19
Let m be (-126 - -2)/(1/(-1)). Let g = -550 + 854. Suppose -m = -5*d + 5*c + 281, 4*d = -c + g. Calculate the highest common factor of d and 11.
11
Suppose -2*t + 19 = -15. Calculate the greatest common factor of t and 51.
17
Let b be 224/10 - 2/5. Let u(o) = -o**2 - 11*o + 14. Let a be u(-12). Calculate the greatest common divisor of a and b.
2
Let w = 8 + -5. Suppose 3*g = 5*t - 52, 5*g - w = 2*g. What is the highest common divisor of 88 and t?
11
Let q be (5 + 24)*(-1)/(-1). Calculate the greatest common factor of 203 and q.
29
Let s(x) = x**2 + 2*x - 7. Let n be s(-5). Calculate the greatest common factor of n and 2.
2
Suppose -3*d - 5*f = -7, 34 - 5 = d - 5*f. Calculate the greatest common divisor of d and 45.
9
Let j(q) = q**2 + q - 9. Let f be j(-18). Calculate the highest common factor of f and 33.
33
Suppose 2*b = -2*b + 84. What is the highest common divisor of b and 21?
21
Suppose -4*h = -2*h. Let q(b) = -b**2 + b + 6. Let v be q(h). Calculate the greatest common divisor of 66 and v.
6
Suppose j + 2 = 2*j. Let k be ((-5)/j)/((-6)/384). What is the greatest common divisor of k and 20?
20
Suppose -12*s + 54 = -11*s. What is the highest common divisor of 27 and s?
27
Let j(q) = q**2 + 26*q + 49. Let b be j(-24). Let y(x) = -x**2 - 4*x - 1. Let w be y(-3). What is the greatest common divisor of b and w?
1
Let f be 2833/9 - (-10)/45. Suppose q - 5*p + f = 6*q, 2*p = 5*q - 322. What is the greatest common factor of q and 8?
8
Let k(x) = 5 + 0 + x**2 + 0. Let g be k(0). Suppose 0*h - 145 = -4*f - h, g*f - 176 = 4*h. What is the greatest common factor of f and 90?
18
Let r(d) = d**2 - d - 4. Let v be r(3). What is the highest common divisor of 2 and v?
2
Suppose -y + 2*g = y - 78, 4*y + 5*g - 183 = 0. Let s be (28/6)/((-2)/(-6)). Calculate the greatest common divisor of s and y.
14
Suppose 12 = 3*h, -3*o + 2*h + 4 + 6 = 0. Calculate the highest common divisor of o and 18.
6
Let u(p) = 9*p - 3. Let k be u(3). Let o = 285 + -165. What is the greatest common factor of k and o?
24
Let j(w) = -w + 14. Let r be j(18). Let g be r/12*3 + 2. What is the greatest common factor of 1 and g?
1
Let r = -45 + 67. What is the highest common divisor of r and 242?
22
Suppose -54 = -4*r + 2*y, r - 18 = -0*y + 2*y. What is the greatest common divisor of 60 and r?
12
Let z be (-2)/(-10) - (-837)/15. Suppose 3*f - 60 - 71 = -5*g, -2*g - 3*f + z = 0. Suppose -g = -2*m + 55. Calculate the greatest common divisor of m and 16.
8
Suppose -72 = 5*g - 282. Calculate the greatest common divisor of 126 and g.
42
Let g = 16 + -13. Let z be 16/3 + 2/g. Calculate the greatest common divisor of z and 54.
6
Let x = -40 + 44. Calculate the highest common factor of x and 2.
2
Suppose 0*i + 35 = i. Let h = 11 - 6. Calculate the greatest common factor of h and i.
5
Suppose 5*m - 20 = -5*t, -5*m - 5 = -4*m + 4*t. Let j(v) = -v**2 + 7*v + 10. Let u be j(m). What is the highest common divisor of 90 and u?
10
Let w(g) = -4*g - 1. Let k be w(-8). What is the greatest common factor of 62 and k?
31
Let p = -72 + -238. Let o = p + 100. Let x = 294 + o. Calculate the highest common factor of x and 12.
12
Suppose 0 = -3*g - r + 2, 0 = -g - 3*g + 5*r + 28. Suppose -5 = 4*m - 5*n + g*n, 4*n = 4*m + 8. Calculate the greatest common divisor of m and 2.
1
Suppose 2*i - 4*i + 12 = 0. Let m = -2 - -8. What is the highest common factor of m and i?
6
Let r be 297/(-22)*(0 - 2). What is the highest common factor of r and 54?
27
Let l(r) = -3*r - 13. Let w be l(-6). Suppose -c = -d - d + 7, 5*d - 28 = -c. What is the greatest common factor of d and w?
5
Suppose -m = 3*m + 3*a - 99, 2*m = -2*a + 50. Calculate the greatest common factor of m and 16.
8
Let f be 2/(-5) - 3302/(-130). Calculate the greatest common divisor of 175 and f.
25
Suppose 0 = -l + 8. Let x = l + 1. Calculate the greatest common divisor of x and 9.
9
Suppose 240 = 7*i - i. What is the highest common factor of 16 and i?
8
Let r(t) = t**2 - t + 1. Let p be r(2). Suppose -2*d = a, d = p*